{"id":68,"date":"2021-03-16T13:11:43","date_gmt":"2021-03-16T13:11:43","guid":{"rendered":"https:\/\/mypokestore.ch\/?post_type=product&#038;p=68"},"modified":"2023-05-25T20:30:27","modified_gmt":"2023-05-25T20:30:27","slug":"pokemon-tcg-sword-shield-ultra-premium-collection-zacian-zamazenta-en","status":"publish","type":"product","link":"https:\/\/mypokestore.ch\/index.php\/produkt\/pokemon-tcg-sword-shield-ultra-premium-collection-zacian-zamazenta-en\/","title":{"rendered":"Pokemon TCG: Sword &#038; Shield Ultra-Premium Collection- Zacian &#038; Zamazenta EN"},"content":{"rendered":"<ul>\n<li>Lassen Sie Zacian &amp; Zamazenta Sie durch Galar f\u00fchren. F\u00fcgen Sie Ihrem Pok\u00e9mon und Metallm\u00fcnzen, W\u00fcrfeln und Konditionsmarkierungen hinzu. Mit zwei legend\u00e4ren Pok\u00e9mon von Galar in goldener Kartenform, begleitet von gl\u00e4nzenden Metallaccessoires, wird Ihre Sammlung als Rundumleuchte hervorstechen.<\/li>\n<li>Mit der Kraft von Zacian V und Zamazenta V werden Ihre Decks den Tag erobern und die St\u00e4rke des Pok\u00e9mons aus Metall in Ihr Regal leiten. Zus\u00e4tzlich zu einem Spieler-Leitfaden \u00fcber das gesamte erste Jahr der Sword &amp; Shield Serie, einschlie\u00dflich Details \u00fcber Top- Karten und Combos, finden Sie weitere \u00dcberraschungen in Pok\u00e9mon TCG Boosterpacks. Tun Sie mehr als nur Galar: Stehen Sie Schulter zu Schulter mit seinen gr\u00f6\u00dften Legenden<\/li>\n<li>Die Pok\u00e9mon TCG: Sword &amp; Shield Ultra- Premium- Kollektion &#8211; Zacian &amp; Zamazenta beinhaltet: 1 spezielle Goldversion von Zacian V 1 spezielle Goldversion von Zamazenta V 2 Sets Metall-Sch\u00e4dadenz\u00e4hler-W\u00fcrfel (insgesamt 12 W\u00fcrfel) 2 Metallm\u00fcnzen mit Zacian und Zamazenta<\/li>\n<li>2 Sets Kartenh\u00fcllen mit Zacian und Zamazenta (insgesamt 130 H\u00fclsen). Ein Satz reich gestalteter Metallzustandsmarkierungen, 16 Pok\u00e9mon- TCG-Boosterpacks aus der Sword &amp; Shield-Serie. Ein Spielerf\u00fchrer zum ersten Jahr der Pok\u00e9mon-TCG: Sword &amp; Shield-Erweiterungen und Promo-Karten. Ein Pok\u00e9mon- Regelheft (evtl. nicht in deutscher Sprache). Eine Codekarte f\u00fcr das Pok\u00e9mon- Sammelkartenspiel Online.<\/li>\n<\/ul>\n","protected":false},"excerpt":{"rendered":"<p>Lassen Sie Zacian &amp; Zamazenta Sie durch Galar f\u00fchren. F\u00fcgen Sie Ihrem Pok\u00e9mon und Metallm\u00fcnzen, W\u00fcrfeln und Konditionsmarkierungen hinzu. Mit zwei legend\u00e4ren Pok\u00e9mon von Galar in goldener Kartenform, begleitet von gl\u00e4nzenden Metallaccessoires, wird Ihre Sammlung als Rundumleuchte hervorstechen. Mit der Kraft von Zacian V und Zamazenta V werden Ihre Decks den Tag erobern und die [&hellip;]<\/p>\n","protected":false},"featured_media":70,"template":"","meta":{"pgc_sgb_lightbox_settings":""},"product_brand":[],"product_cat":[16],"product_tag":[],"class_list":{"0":"post-68","1":"product","2":"type-product","3":"status-publish","4":"has-post-thumbnail","6":"product_cat-collections-tins","8":"first","9":"outofstock","10":"shipping-taxable","11":"purchasable","12":"product-type-simple"},"yoast_head":"<!-- This site is optimized with the Yoast SEO plugin v27.6 - https:\/\/yoast.com\/product\/yoast-seo-wordpress\/ -->\n<title>Pokemon TCG: Sword &amp; Shield Ultra-Premium Collection- Zacian &amp; Zamazenta EN - my Poke Store<\/title>\n<meta name=\"robots\" content=\"index, follow, max-snippet:-1, max-image-preview:large, max-video-preview:-1\" \/>\n<link rel=\"canonical\" href=\"https:\/\/mypokestore.ch\/index.php\/produkt\/pokemon-tcg-sword-shield-ultra-premium-collection-zacian-zamazenta-en\/\" \/>\n<meta property=\"og:locale\" content=\"de_DE\" \/>\n<meta property=\"og:type\" content=\"article\" \/>\n<meta property=\"og:title\" content=\"Pokemon TCG: Sword &amp; Shield Ultra-Premium Collection- Zacian &amp; Zamazenta EN - my Poke Store\" \/>\n<meta property=\"og:description\" content=\"Lassen Sie Zacian &amp; Zamazenta Sie durch Galar f\u00fchren. F\u00fcgen Sie Ihrem Pok\u00e9mon und Metallm\u00fcnzen, W\u00fcrfeln und Konditionsmarkierungen hinzu. Mit zwei legend\u00e4ren Pok\u00e9mon von Galar in goldener Kartenform, begleitet von gl\u00e4nzenden Metallaccessoires, wird Ihre Sammlung als Rundumleuchte hervorstechen. Mit der Kraft von Zacian V und Zamazenta V werden Ihre Decks den Tag erobern und die [&hellip;]\" \/>\n<meta property=\"og:url\" content=\"https:\/\/mypokestore.ch\/index.php\/produkt\/pokemon-tcg-sword-shield-ultra-premium-collection-zacian-zamazenta-en\/\" \/>\n<meta property=\"og:site_name\" content=\"my Poke Store\" \/>\n<meta property=\"article:modified_time\" content=\"2023-05-25T20:30:27+00:00\" \/>\n<meta property=\"og:image\" content=\"https:\/\/mypokestore.ch\/wp-content\/uploads\/2021\/03\/Sword-Shield-Ultra-Premium-Collection-EN-Poke\u0301mon-TCG.jpg\" \/>\n\t<meta property=\"og:image:width\" content=\"2000\" \/>\n\t<meta property=\"og:image:height\" content=\"1500\" \/>\n\t<meta property=\"og:image:type\" content=\"image\/jpeg\" \/>\n<meta name=\"twitter:card\" content=\"summary_large_image\" \/>\n<meta name=\"twitter:label1\" content=\"Gesch\u00e4tzte Lesezeit\" \/>\n\t<meta name=\"twitter:data1\" content=\"1\u00a0Minute\" \/>\n<script type=\"application\/ld+json\" class=\"yoast-schema-graph\">{\"@context\":\"https:\\\/\\\/schema.org\",\"@graph\":[{\"@type\":\"WebPage\",\"@id\":\"https:\\\/\\\/mypokestore.ch\\\/index.php\\\/produkt\\\/pokemon-tcg-sword-shield-ultra-premium-collection-zacian-zamazenta-en\\\/\",\"url\":\"https:\\\/\\\/mypokestore.ch\\\/index.php\\\/produkt\\\/pokemon-tcg-sword-shield-ultra-premium-collection-zacian-zamazenta-en\\\/\",\"name\":\"Pokemon TCG: Sword & Shield Ultra-Premium Collection- Zacian & Zamazenta EN - my Poke Store\",\"isPartOf\":{\"@id\":\"https:\\\/\\\/mypokestore.ch\\\/#website\"},\"primaryImageOfPage\":{\"@id\":\"https:\\\/\\\/mypokestore.ch\\\/index.php\\\/produkt\\\/pokemon-tcg-sword-shield-ultra-premium-collection-zacian-zamazenta-en\\\/#primaryimage\"},\"image\":{\"@id\":\"https:\\\/\\\/mypokestore.ch\\\/index.php\\\/produkt\\\/pokemon-tcg-sword-shield-ultra-premium-collection-zacian-zamazenta-en\\\/#primaryimage\"},\"thumbnailUrl\":\"https:\\\/\\\/i0.wp.com\\\/mypokestore.ch\\\/wp-content\\\/uploads\\\/2021\\\/03\\\/Sword-Shield-Ultra-Premium-Collection-EN-Poke%CC%81mon-TCG.jpg?fit=2000%2C1500&ssl=1\",\"datePublished\":\"2021-03-16T13:11:43+00:00\",\"dateModified\":\"2023-05-25T20:30:27+00:00\",\"breadcrumb\":{\"@id\":\"https:\\\/\\\/mypokestore.ch\\\/index.php\\\/produkt\\\/pokemon-tcg-sword-shield-ultra-premium-collection-zacian-zamazenta-en\\\/#breadcrumb\"},\"inLanguage\":\"de\",\"potentialAction\":[{\"@type\":\"ReadAction\",\"target\":[\"https:\\\/\\\/mypokestore.ch\\\/index.php\\\/produkt\\\/pokemon-tcg-sword-shield-ultra-premium-collection-zacian-zamazenta-en\\\/\"]}]},{\"@type\":\"ImageObject\",\"inLanguage\":\"de\",\"@id\":\"https:\\\/\\\/mypokestore.ch\\\/index.php\\\/produkt\\\/pokemon-tcg-sword-shield-ultra-premium-collection-zacian-zamazenta-en\\\/#primaryimage\",\"url\":\"https:\\\/\\\/i0.wp.com\\\/mypokestore.ch\\\/wp-content\\\/uploads\\\/2021\\\/03\\\/Sword-Shield-Ultra-Premium-Collection-EN-Poke%CC%81mon-TCG.jpg?fit=2000%2C1500&ssl=1\",\"contentUrl\":\"https:\\\/\\\/i0.wp.com\\\/mypokestore.ch\\\/wp-content\\\/uploads\\\/2021\\\/03\\\/Sword-Shield-Ultra-Premium-Collection-EN-Poke%CC%81mon-TCG.jpg?fit=2000%2C1500&ssl=1\",\"width\":2000,\"height\":1500},{\"@type\":\"BreadcrumbList\",\"@id\":\"https:\\\/\\\/mypokestore.ch\\\/index.php\\\/produkt\\\/pokemon-tcg-sword-shield-ultra-premium-collection-zacian-zamazenta-en\\\/#breadcrumb\",\"itemListElement\":[{\"@type\":\"ListItem\",\"position\":1,\"name\":\"Startseite\",\"item\":\"https:\\\/\\\/mypokestore.ch\\\/\"},{\"@type\":\"ListItem\",\"position\":2,\"name\":\"Privater Pok\u00e9mon Shop\",\"item\":\"https:\\\/\\\/mypokestore.ch\\\/\"},{\"@type\":\"ListItem\",\"position\":3,\"name\":\"Pokemon TCG: Sword &#038; Shield Ultra-Premium Collection- Zacian &#038; Zamazenta EN\"}]},{\"@type\":\"WebSite\",\"@id\":\"https:\\\/\\\/mypokestore.ch\\\/#website\",\"url\":\"https:\\\/\\\/mypokestore.ch\\\/\",\"name\":\"my Poke Store\",\"description\":\"Privater Pok\u00e9mon TCG Shop\",\"publisher\":{\"@id\":\"https:\\\/\\\/mypokestore.ch\\\/#organization\"},\"potentialAction\":[{\"@type\":\"SearchAction\",\"target\":{\"@type\":\"EntryPoint\",\"urlTemplate\":\"https:\\\/\\\/mypokestore.ch\\\/?s={search_term_string}\"},\"query-input\":{\"@type\":\"PropertyValueSpecification\",\"valueRequired\":true,\"valueName\":\"search_term_string\"}}],\"inLanguage\":\"de\"},{\"@type\":\"Organization\",\"@id\":\"https:\\\/\\\/mypokestore.ch\\\/#organization\",\"name\":\"My Poke Store\",\"url\":\"https:\\\/\\\/mypokestore.ch\\\/\",\"logo\":{\"@type\":\"ImageObject\",\"inLanguage\":\"de\",\"@id\":\"https:\\\/\\\/mypokestore.ch\\\/#\\\/schema\\\/logo\\\/image\\\/\",\"url\":\"https:\\\/\\\/i0.wp.com\\\/mypokestore.ch\\\/wp-content\\\/uploads\\\/2021\\\/03\\\/cropped-pika-e1615890979707-1.png?fit=512%2C512&ssl=1\",\"contentUrl\":\"https:\\\/\\\/i0.wp.com\\\/mypokestore.ch\\\/wp-content\\\/uploads\\\/2021\\\/03\\\/cropped-pika-e1615890979707-1.png?fit=512%2C512&ssl=1\",\"width\":512,\"height\":512,\"caption\":\"My Poke Store\"},\"image\":{\"@id\":\"https:\\\/\\\/mypokestore.ch\\\/#\\\/schema\\\/logo\\\/image\\\/\"}}]}<\/script>\n<!-- \/ Yoast SEO plugin. -->","yoast_head_json":{"title":"Pokemon TCG: Sword & Shield Ultra-Premium Collection- Zacian & Zamazenta EN - my Poke Store","robots":{"index":"index","follow":"follow","max-snippet":"max-snippet:-1","max-image-preview":"max-image-preview:large","max-video-preview":"max-video-preview:-1"},"canonical":"https:\/\/mypokestore.ch\/index.php\/produkt\/pokemon-tcg-sword-shield-ultra-premium-collection-zacian-zamazenta-en\/","og_locale":"de_DE","og_type":"article","og_title":"Pokemon TCG: Sword & Shield Ultra-Premium Collection- Zacian & Zamazenta EN - my Poke Store","og_description":"Lassen Sie Zacian &amp; Zamazenta Sie durch Galar f\u00fchren. F\u00fcgen Sie Ihrem Pok\u00e9mon und Metallm\u00fcnzen, W\u00fcrfeln und Konditionsmarkierungen hinzu. Mit zwei legend\u00e4ren Pok\u00e9mon von Galar in goldener Kartenform, begleitet von gl\u00e4nzenden Metallaccessoires, wird Ihre Sammlung als Rundumleuchte hervorstechen. Mit der Kraft von Zacian V und Zamazenta V werden Ihre Decks den Tag erobern und die [&hellip;]","og_url":"https:\/\/mypokestore.ch\/index.php\/produkt\/pokemon-tcg-sword-shield-ultra-premium-collection-zacian-zamazenta-en\/","og_site_name":"my Poke Store","article_modified_time":"2023-05-25T20:30:27+00:00","og_image":[{"width":2000,"height":1500,"url":"https:\/\/mypokestore.ch\/wp-content\/uploads\/2021\/03\/Sword-Shield-Ultra-Premium-Collection-EN-Poke\u0301mon-TCG.jpg","type":"image\/jpeg"}],"twitter_card":"summary_large_image","twitter_misc":{"Gesch\u00e4tzte Lesezeit":"1\u00a0Minute"},"schema":{"@context":"https:\/\/schema.org","@graph":[{"@type":"WebPage","@id":"https:\/\/mypokestore.ch\/index.php\/produkt\/pokemon-tcg-sword-shield-ultra-premium-collection-zacian-zamazenta-en\/","url":"https:\/\/mypokestore.ch\/index.php\/produkt\/pokemon-tcg-sword-shield-ultra-premium-collection-zacian-zamazenta-en\/","name":"Pokemon TCG: Sword & Shield Ultra-Premium Collection- Zacian & Zamazenta EN - my Poke Store","isPartOf":{"@id":"https:\/\/mypokestore.ch\/#website"},"primaryImageOfPage":{"@id":"https:\/\/mypokestore.ch\/index.php\/produkt\/pokemon-tcg-sword-shield-ultra-premium-collection-zacian-zamazenta-en\/#primaryimage"},"image":{"@id":"https:\/\/mypokestore.ch\/index.php\/produkt\/pokemon-tcg-sword-shield-ultra-premium-collection-zacian-zamazenta-en\/#primaryimage"},"thumbnailUrl":"https:\/\/i0.wp.com\/mypokestore.ch\/wp-content\/uploads\/2021\/03\/Sword-Shield-Ultra-Premium-Collection-EN-Poke%CC%81mon-TCG.jpg?fit=2000%2C1500&ssl=1","datePublished":"2021-03-16T13:11:43+00:00","dateModified":"2023-05-25T20:30:27+00:00","breadcrumb":{"@id":"https:\/\/mypokestore.ch\/index.php\/produkt\/pokemon-tcg-sword-shield-ultra-premium-collection-zacian-zamazenta-en\/#breadcrumb"},"inLanguage":"de","potentialAction":[{"@type":"ReadAction","target":["https:\/\/mypokestore.ch\/index.php\/produkt\/pokemon-tcg-sword-shield-ultra-premium-collection-zacian-zamazenta-en\/"]}]},{"@type":"ImageObject","inLanguage":"de","@id":"https:\/\/mypokestore.ch\/index.php\/produkt\/pokemon-tcg-sword-shield-ultra-premium-collection-zacian-zamazenta-en\/#primaryimage","url":"https:\/\/i0.wp.com\/mypokestore.ch\/wp-content\/uploads\/2021\/03\/Sword-Shield-Ultra-Premium-Collection-EN-Poke%CC%81mon-TCG.jpg?fit=2000%2C1500&ssl=1","contentUrl":"https:\/\/i0.wp.com\/mypokestore.ch\/wp-content\/uploads\/2021\/03\/Sword-Shield-Ultra-Premium-Collection-EN-Poke%CC%81mon-TCG.jpg?fit=2000%2C1500&ssl=1","width":2000,"height":1500},{"@type":"BreadcrumbList","@id":"https:\/\/mypokestore.ch\/index.php\/produkt\/pokemon-tcg-sword-shield-ultra-premium-collection-zacian-zamazenta-en\/#breadcrumb","itemListElement":[{"@type":"ListItem","position":1,"name":"Startseite","item":"https:\/\/mypokestore.ch\/"},{"@type":"ListItem","position":2,"name":"Privater Pok\u00e9mon Shop","item":"https:\/\/mypokestore.ch\/"},{"@type":"ListItem","position":3,"name":"Pokemon TCG: Sword &#038; Shield Ultra-Premium Collection- Zacian &#038; Zamazenta EN"}]},{"@type":"WebSite","@id":"https:\/\/mypokestore.ch\/#website","url":"https:\/\/mypokestore.ch\/","name":"my Poke Store","description":"Privater Pok\u00e9mon TCG Shop","publisher":{"@id":"https:\/\/mypokestore.ch\/#organization"},"potentialAction":[{"@type":"SearchAction","target":{"@type":"EntryPoint","urlTemplate":"https:\/\/mypokestore.ch\/?s={search_term_string}"},"query-input":{"@type":"PropertyValueSpecification","valueRequired":true,"valueName":"search_term_string"}}],"inLanguage":"de"},{"@type":"Organization","@id":"https:\/\/mypokestore.ch\/#organization","name":"My Poke Store","url":"https:\/\/mypokestore.ch\/","logo":{"@type":"ImageObject","inLanguage":"de","@id":"https:\/\/mypokestore.ch\/#\/schema\/logo\/image\/","url":"https:\/\/i0.wp.com\/mypokestore.ch\/wp-content\/uploads\/2021\/03\/cropped-pika-e1615890979707-1.png?fit=512%2C512&ssl=1","contentUrl":"https:\/\/i0.wp.com\/mypokestore.ch\/wp-content\/uploads\/2021\/03\/cropped-pika-e1615890979707-1.png?fit=512%2C512&ssl=1","width":512,"height":512,"caption":"My Poke Store"},"image":{"@id":"https:\/\/mypokestore.ch\/#\/schema\/logo\/image\/"}}]}},"jetpack_sharing_enabled":true,"_links":{"self":[{"href":"https:\/\/mypokestore.ch\/index.php\/wp-json\/wp\/v2\/product\/68","targetHints":{"allow":["GET"]}}],"collection":[{"href":"https:\/\/mypokestore.ch\/index.php\/wp-json\/wp\/v2\/product"}],"about":[{"href":"https:\/\/mypokestore.ch\/index.php\/wp-json\/wp\/v2\/types\/product"}],"wp:featuredmedia":[{"embeddable":true,"href":"https:\/\/mypokestore.ch\/index.php\/wp-json\/wp\/v2\/media\/70"}],"wp:attachment":[{"href":"https:\/\/mypokestore.ch\/index.php\/wp-json\/wp\/v2\/media?parent=68"}],"wp:term":[{"taxonomy":"product_brand","embeddable":true,"href":"https:\/\/mypokestore.ch\/index.php\/wp-json\/wp\/v2\/product_brand?post=68"},{"taxonomy":"product_cat","embeddable":true,"href":"https:\/\/mypokestore.ch\/index.php\/wp-json\/wp\/v2\/product_cat?post=68"},{"taxonomy":"product_tag","embeddable":true,"href":"https:\/\/mypokestore.ch\/index.php\/wp-json\/wp\/v2\/product_tag?post=68"}],"curies":[{"name":"wp","href":"https:\/\/api.w.org\/{rel}","templated":true}]}}