{"id":196,"date":"2021-03-18T08:39:59","date_gmt":"2021-03-18T08:39:59","guid":{"rendered":"https:\/\/mypokestore.ch\/?post_type=product&#038;p=196"},"modified":"2023-04-03T19:34:35","modified_gmt":"2023-04-03T19:34:35","slug":"glaenzendes-schicksal-premium-collection-box-shiny-iksbat-v-vmax","status":"publish","type":"product","link":"https:\/\/mypokestore.ch\/index.php\/produkt\/glaenzendes-schicksal-premium-collection-box-shiny-iksbat-v-vmax\/","title":{"rendered":"Gl\u00e4nzendes Schicksal Premium Collection Box Shiny Iksbat V, VMAX"},"content":{"rendered":"<p>Pok\u00e8mon Schwert und Schild Gl\u00e4nzendes Schicksal 4.5 Premium Box<\/p>\n<ul class=\"st-u-mt web-features\">\n<li>7 Pokemon Gl\u00e4nzendes Schicksal Boosterpacks<\/li>\n<li>2 Shiny Full-Art Foil-Karten von Iksbat V und Iksbat VMAX<\/li>\n<li>1 \u00fcbergro\u00dfe Full-Art Karte von Shiny Iksbat VMAX<\/li>\n<li>1 Pokemon TCG Online Code Karte<\/li>\n<\/ul>\n","protected":false},"excerpt":{"rendered":"<p>Pok\u00e8mon Schwert und Schild Gl\u00e4nzendes Schicksal 4.5 Premium Box 7 Pokemon Gl\u00e4nzendes Schicksal Boosterpacks 2 Shiny Full-Art Foil-Karten von Iksbat V und Iksbat VMAX 1 \u00fcbergro\u00dfe Full-Art Karte von Shiny Iksbat VMAX 1 Pokemon TCG Online Code Karte<\/p>\n","protected":false},"featured_media":197,"template":"","meta":{"pgc_sgb_lightbox_settings":""},"product_brand":[],"product_cat":[16],"product_tag":[30],"class_list":{"0":"post-196","1":"product","2":"type-product","3":"status-publish","4":"has-post-thumbnail","6":"product_cat-collections-tins","7":"product_tag-pokemon","9":"first","10":"outofstock","11":"shipping-taxable","12":"purchasable","13":"product-type-simple"},"yoast_head":"<!-- This site is optimized with the Yoast SEO plugin v27.6 - https:\/\/yoast.com\/product\/yoast-seo-wordpress\/ -->\n<title>Gl\u00e4nzendes Schicksal Premium Collection Box Shiny Iksbat V, VMAX - my Poke Store<\/title>\n<meta name=\"robots\" content=\"index, follow, max-snippet:-1, max-image-preview:large, max-video-preview:-1\" \/>\n<link rel=\"canonical\" href=\"https:\/\/mypokestore.ch\/index.php\/produkt\/glaenzendes-schicksal-premium-collection-box-shiny-iksbat-v-vmax\/\" \/>\n<meta property=\"og:locale\" content=\"de_DE\" \/>\n<meta property=\"og:type\" content=\"article\" \/>\n<meta property=\"og:title\" content=\"Gl\u00e4nzendes Schicksal Premium Collection Box Shiny Iksbat V, VMAX - my Poke Store\" \/>\n<meta property=\"og:description\" content=\"Pok\u00e8mon Schwert und Schild Gl\u00e4nzendes Schicksal 4.5 Premium Box 7 Pokemon Gl\u00e4nzendes Schicksal Boosterpacks 2 Shiny Full-Art Foil-Karten von Iksbat V und Iksbat VMAX 1 \u00fcbergro\u00dfe Full-Art Karte von Shiny Iksbat VMAX 1 Pokemon TCG Online Code Karte\" \/>\n<meta property=\"og:url\" content=\"https:\/\/mypokestore.ch\/index.php\/produkt\/glaenzendes-schicksal-premium-collection-box-shiny-iksbat-v-vmax\/\" \/>\n<meta property=\"og:site_name\" content=\"my Poke Store\" \/>\n<meta property=\"article:modified_time\" content=\"2023-04-03T19:34:35+00:00\" \/>\n<meta property=\"og:image\" content=\"https:\/\/mypokestore.ch\/wp-content\/uploads\/2021\/03\/195610.jpg\" \/>\n\t<meta property=\"og:image:width\" content=\"600\" \/>\n\t<meta property=\"og:image:height\" content=\"600\" \/>\n\t<meta property=\"og:image:type\" content=\"image\/jpeg\" \/>\n<meta name=\"twitter:card\" content=\"summary_large_image\" \/>\n<meta name=\"twitter:label1\" content=\"Gesch\u00e4tzte Lesezeit\" \/>\n\t<meta name=\"twitter:data1\" content=\"1\u00a0Minute\" \/>\n<script type=\"application\/ld+json\" class=\"yoast-schema-graph\">{\"@context\":\"https:\\\/\\\/schema.org\",\"@graph\":[{\"@type\":\"WebPage\",\"@id\":\"https:\\\/\\\/mypokestore.ch\\\/index.php\\\/produkt\\\/glaenzendes-schicksal-premium-collection-box-shiny-iksbat-v-vmax\\\/\",\"url\":\"https:\\\/\\\/mypokestore.ch\\\/index.php\\\/produkt\\\/glaenzendes-schicksal-premium-collection-box-shiny-iksbat-v-vmax\\\/\",\"name\":\"Gl\u00e4nzendes Schicksal Premium Collection Box Shiny Iksbat V, VMAX - my Poke Store\",\"isPartOf\":{\"@id\":\"https:\\\/\\\/mypokestore.ch\\\/#website\"},\"primaryImageOfPage\":{\"@id\":\"https:\\\/\\\/mypokestore.ch\\\/index.php\\\/produkt\\\/glaenzendes-schicksal-premium-collection-box-shiny-iksbat-v-vmax\\\/#primaryimage\"},\"image\":{\"@id\":\"https:\\\/\\\/mypokestore.ch\\\/index.php\\\/produkt\\\/glaenzendes-schicksal-premium-collection-box-shiny-iksbat-v-vmax\\\/#primaryimage\"},\"thumbnailUrl\":\"https:\\\/\\\/i0.wp.com\\\/mypokestore.ch\\\/wp-content\\\/uploads\\\/2021\\\/03\\\/195610.jpg?fit=600%2C600&ssl=1\",\"datePublished\":\"2021-03-18T08:39:59+00:00\",\"dateModified\":\"2023-04-03T19:34:35+00:00\",\"breadcrumb\":{\"@id\":\"https:\\\/\\\/mypokestore.ch\\\/index.php\\\/produkt\\\/glaenzendes-schicksal-premium-collection-box-shiny-iksbat-v-vmax\\\/#breadcrumb\"},\"inLanguage\":\"de\",\"potentialAction\":[{\"@type\":\"ReadAction\",\"target\":[\"https:\\\/\\\/mypokestore.ch\\\/index.php\\\/produkt\\\/glaenzendes-schicksal-premium-collection-box-shiny-iksbat-v-vmax\\\/\"]}]},{\"@type\":\"ImageObject\",\"inLanguage\":\"de\",\"@id\":\"https:\\\/\\\/mypokestore.ch\\\/index.php\\\/produkt\\\/glaenzendes-schicksal-premium-collection-box-shiny-iksbat-v-vmax\\\/#primaryimage\",\"url\":\"https:\\\/\\\/i0.wp.com\\\/mypokestore.ch\\\/wp-content\\\/uploads\\\/2021\\\/03\\\/195610.jpg?fit=600%2C600&ssl=1\",\"contentUrl\":\"https:\\\/\\\/i0.wp.com\\\/mypokestore.ch\\\/wp-content\\\/uploads\\\/2021\\\/03\\\/195610.jpg?fit=600%2C600&ssl=1\",\"width\":600,\"height\":600},{\"@type\":\"BreadcrumbList\",\"@id\":\"https:\\\/\\\/mypokestore.ch\\\/index.php\\\/produkt\\\/glaenzendes-schicksal-premium-collection-box-shiny-iksbat-v-vmax\\\/#breadcrumb\",\"itemListElement\":[{\"@type\":\"ListItem\",\"position\":1,\"name\":\"Startseite\",\"item\":\"https:\\\/\\\/mypokestore.ch\\\/\"},{\"@type\":\"ListItem\",\"position\":2,\"name\":\"Privater Pok\u00e9mon Shop\",\"item\":\"https:\\\/\\\/mypokestore.ch\\\/\"},{\"@type\":\"ListItem\",\"position\":3,\"name\":\"Gl\u00e4nzendes Schicksal Premium Collection Box Shiny Iksbat V, VMAX\"}]},{\"@type\":\"WebSite\",\"@id\":\"https:\\\/\\\/mypokestore.ch\\\/#website\",\"url\":\"https:\\\/\\\/mypokestore.ch\\\/\",\"name\":\"my Poke Store\",\"description\":\"Privater Pok\u00e9mon TCG Shop\",\"publisher\":{\"@id\":\"https:\\\/\\\/mypokestore.ch\\\/#organization\"},\"potentialAction\":[{\"@type\":\"SearchAction\",\"target\":{\"@type\":\"EntryPoint\",\"urlTemplate\":\"https:\\\/\\\/mypokestore.ch\\\/?s={search_term_string}\"},\"query-input\":{\"@type\":\"PropertyValueSpecification\",\"valueRequired\":true,\"valueName\":\"search_term_string\"}}],\"inLanguage\":\"de\"},{\"@type\":\"Organization\",\"@id\":\"https:\\\/\\\/mypokestore.ch\\\/#organization\",\"name\":\"My Poke Store\",\"url\":\"https:\\\/\\\/mypokestore.ch\\\/\",\"logo\":{\"@type\":\"ImageObject\",\"inLanguage\":\"de\",\"@id\":\"https:\\\/\\\/mypokestore.ch\\\/#\\\/schema\\\/logo\\\/image\\\/\",\"url\":\"https:\\\/\\\/i0.wp.com\\\/mypokestore.ch\\\/wp-content\\\/uploads\\\/2021\\\/03\\\/cropped-pika-e1615890979707-1.png?fit=512%2C512&ssl=1\",\"contentUrl\":\"https:\\\/\\\/i0.wp.com\\\/mypokestore.ch\\\/wp-content\\\/uploads\\\/2021\\\/03\\\/cropped-pika-e1615890979707-1.png?fit=512%2C512&ssl=1\",\"width\":512,\"height\":512,\"caption\":\"My Poke Store\"},\"image\":{\"@id\":\"https:\\\/\\\/mypokestore.ch\\\/#\\\/schema\\\/logo\\\/image\\\/\"}}]}<\/script>\n<!-- \/ Yoast SEO plugin. -->","yoast_head_json":{"title":"Gl\u00e4nzendes Schicksal Premium Collection Box Shiny Iksbat V, VMAX - my Poke Store","robots":{"index":"index","follow":"follow","max-snippet":"max-snippet:-1","max-image-preview":"max-image-preview:large","max-video-preview":"max-video-preview:-1"},"canonical":"https:\/\/mypokestore.ch\/index.php\/produkt\/glaenzendes-schicksal-premium-collection-box-shiny-iksbat-v-vmax\/","og_locale":"de_DE","og_type":"article","og_title":"Gl\u00e4nzendes Schicksal Premium Collection Box Shiny Iksbat V, VMAX - my Poke Store","og_description":"Pok\u00e8mon Schwert und Schild Gl\u00e4nzendes Schicksal 4.5 Premium Box 7 Pokemon Gl\u00e4nzendes Schicksal Boosterpacks 2 Shiny Full-Art Foil-Karten von Iksbat V und Iksbat VMAX 1 \u00fcbergro\u00dfe Full-Art Karte von Shiny Iksbat VMAX 1 Pokemon TCG Online Code Karte","og_url":"https:\/\/mypokestore.ch\/index.php\/produkt\/glaenzendes-schicksal-premium-collection-box-shiny-iksbat-v-vmax\/","og_site_name":"my Poke Store","article_modified_time":"2023-04-03T19:34:35+00:00","og_image":[{"width":600,"height":600,"url":"https:\/\/mypokestore.ch\/wp-content\/uploads\/2021\/03\/195610.jpg","type":"image\/jpeg"}],"twitter_card":"summary_large_image","twitter_misc":{"Gesch\u00e4tzte Lesezeit":"1\u00a0Minute"},"schema":{"@context":"https:\/\/schema.org","@graph":[{"@type":"WebPage","@id":"https:\/\/mypokestore.ch\/index.php\/produkt\/glaenzendes-schicksal-premium-collection-box-shiny-iksbat-v-vmax\/","url":"https:\/\/mypokestore.ch\/index.php\/produkt\/glaenzendes-schicksal-premium-collection-box-shiny-iksbat-v-vmax\/","name":"Gl\u00e4nzendes Schicksal Premium Collection Box Shiny Iksbat V, VMAX - my Poke Store","isPartOf":{"@id":"https:\/\/mypokestore.ch\/#website"},"primaryImageOfPage":{"@id":"https:\/\/mypokestore.ch\/index.php\/produkt\/glaenzendes-schicksal-premium-collection-box-shiny-iksbat-v-vmax\/#primaryimage"},"image":{"@id":"https:\/\/mypokestore.ch\/index.php\/produkt\/glaenzendes-schicksal-premium-collection-box-shiny-iksbat-v-vmax\/#primaryimage"},"thumbnailUrl":"https:\/\/i0.wp.com\/mypokestore.ch\/wp-content\/uploads\/2021\/03\/195610.jpg?fit=600%2C600&ssl=1","datePublished":"2021-03-18T08:39:59+00:00","dateModified":"2023-04-03T19:34:35+00:00","breadcrumb":{"@id":"https:\/\/mypokestore.ch\/index.php\/produkt\/glaenzendes-schicksal-premium-collection-box-shiny-iksbat-v-vmax\/#breadcrumb"},"inLanguage":"de","potentialAction":[{"@type":"ReadAction","target":["https:\/\/mypokestore.ch\/index.php\/produkt\/glaenzendes-schicksal-premium-collection-box-shiny-iksbat-v-vmax\/"]}]},{"@type":"ImageObject","inLanguage":"de","@id":"https:\/\/mypokestore.ch\/index.php\/produkt\/glaenzendes-schicksal-premium-collection-box-shiny-iksbat-v-vmax\/#primaryimage","url":"https:\/\/i0.wp.com\/mypokestore.ch\/wp-content\/uploads\/2021\/03\/195610.jpg?fit=600%2C600&ssl=1","contentUrl":"https:\/\/i0.wp.com\/mypokestore.ch\/wp-content\/uploads\/2021\/03\/195610.jpg?fit=600%2C600&ssl=1","width":600,"height":600},{"@type":"BreadcrumbList","@id":"https:\/\/mypokestore.ch\/index.php\/produkt\/glaenzendes-schicksal-premium-collection-box-shiny-iksbat-v-vmax\/#breadcrumb","itemListElement":[{"@type":"ListItem","position":1,"name":"Startseite","item":"https:\/\/mypokestore.ch\/"},{"@type":"ListItem","position":2,"name":"Privater Pok\u00e9mon Shop","item":"https:\/\/mypokestore.ch\/"},{"@type":"ListItem","position":3,"name":"Gl\u00e4nzendes Schicksal Premium Collection Box Shiny Iksbat V, VMAX"}]},{"@type":"WebSite","@id":"https:\/\/mypokestore.ch\/#website","url":"https:\/\/mypokestore.ch\/","name":"my Poke Store","description":"Privater Pok\u00e9mon TCG Shop","publisher":{"@id":"https:\/\/mypokestore.ch\/#organization"},"potentialAction":[{"@type":"SearchAction","target":{"@type":"EntryPoint","urlTemplate":"https:\/\/mypokestore.ch\/?s={search_term_string}"},"query-input":{"@type":"PropertyValueSpecification","valueRequired":true,"valueName":"search_term_string"}}],"inLanguage":"de"},{"@type":"Organization","@id":"https:\/\/mypokestore.ch\/#organization","name":"My Poke Store","url":"https:\/\/mypokestore.ch\/","logo":{"@type":"ImageObject","inLanguage":"de","@id":"https:\/\/mypokestore.ch\/#\/schema\/logo\/image\/","url":"https:\/\/i0.wp.com\/mypokestore.ch\/wp-content\/uploads\/2021\/03\/cropped-pika-e1615890979707-1.png?fit=512%2C512&ssl=1","contentUrl":"https:\/\/i0.wp.com\/mypokestore.ch\/wp-content\/uploads\/2021\/03\/cropped-pika-e1615890979707-1.png?fit=512%2C512&ssl=1","width":512,"height":512,"caption":"My Poke Store"},"image":{"@id":"https:\/\/mypokestore.ch\/#\/schema\/logo\/image\/"}}]}},"jetpack_sharing_enabled":true,"_links":{"self":[{"href":"https:\/\/mypokestore.ch\/index.php\/wp-json\/wp\/v2\/product\/196","targetHints":{"allow":["GET"]}}],"collection":[{"href":"https:\/\/mypokestore.ch\/index.php\/wp-json\/wp\/v2\/product"}],"about":[{"href":"https:\/\/mypokestore.ch\/index.php\/wp-json\/wp\/v2\/types\/product"}],"wp:featuredmedia":[{"embeddable":true,"href":"https:\/\/mypokestore.ch\/index.php\/wp-json\/wp\/v2\/media\/197"}],"wp:attachment":[{"href":"https:\/\/mypokestore.ch\/index.php\/wp-json\/wp\/v2\/media?parent=196"}],"wp:term":[{"taxonomy":"product_brand","embeddable":true,"href":"https:\/\/mypokestore.ch\/index.php\/wp-json\/wp\/v2\/product_brand?post=196"},{"taxonomy":"product_cat","embeddable":true,"href":"https:\/\/mypokestore.ch\/index.php\/wp-json\/wp\/v2\/product_cat?post=196"},{"taxonomy":"product_tag","embeddable":true,"href":"https:\/\/mypokestore.ch\/index.php\/wp-json\/wp\/v2\/product_tag?post=196"}],"curies":[{"name":"wp","href":"https:\/\/api.w.org\/{rel}","templated":true}]}}